
{"id":21,"date":"2025-04-03T19:46:27","date_gmt":"2025-04-03T19:46:27","guid":{"rendered":"https:\/\/shop.tomatetim.de\/index.php\/bezahlmoeglichkeiten\/"},"modified":"2025-04-06T18:55:52","modified_gmt":"2025-04-06T18:55:52","slug":"bezahlmoeglichkeiten","status":"publish","type":"page","link":"https:\/\/bold-rhodes.82-29-5-5.plesk.page\/index.php\/bezahlmoeglichkeiten\/","title":{"rendered":"Zahlungsarten"},"content":{"rendered":"<ul class=\"payment_methods methods\">\n<li class=\"payment_method_bacs\"><label>Direkte Bank\u00fcberweisung<\/label>\n<div class=\"payment_box payment_method_bacs\">\n<p>\u00dcberweise direkt an unsere Bankverbindung. Bitte nutze die Bestellnummer als Verwendungszweck. Deine Bestellung wird erst nach Geldeingang auf unserem Konto produziert und anschlie\u00dfend versandt.<\/p>\n<\/div>\n<\/li>\n<li class=\"payment_method_mollie_wc_gateway_applepay\"><label>Apple Pay\u00a0 \u00a0 \u00a0 \u00a0 \u00a0 <img decoding=\"async\" class=\"mollie-gateway-icon\" src=\"https:\/\/bold-rhodes.82-29-5-5.plesk.page\/wp-content\/plugins\/mollie-payments-for-woocommerce\/\/public\/images\/applepay.svg\" alt=\"\" \/><\/label><\/li>\n<li class=\"payment_method_mollie_wc_gateway_creditcard\"><label>Karte\u00a0 \u00a0 \u00a0 \u00a0 \u00a0 \u00a0 \u00a0 \u00a0 \u00a0 <img decoding=\"async\" class=\"mollie-gateway-icon\" src=\"https:\/\/bold-rhodes.82-29-5-5.plesk.page\/wp-content\/plugins\/mollie-payments-for-woocommerce\/public\/images\/creditcards.svg\" alt=\"\" \/><\/label><\/li>\n<li class=\"payment_method_mollie_wc_gateway_paysafecard\"><label>paysafecard\u00a0 \u00a0 \u00a0 <img decoding=\"async\" class=\"mollie-gateway-icon\" src=\"https:\/\/bold-rhodes.82-29-5-5.plesk.page\/wp-content\/plugins\/mollie-payments-for-woocommerce\/\/public\/images\/paysafecard.svg\" alt=\"\" \/><\/label>\n<div class=\"payment_box payment_method_mollie_wc_gateway_paysafecard\">\n<p class=\"mollie-gateway-fee\">M\u00f6glicherweise f\u00e4llt eine + 12.00%-Geb\u00fchr an (excl. VAT)<\/p>\n<\/div>\n<\/li>\n<li class=\"payment_method_ppcp\"><label>PayPal\u00a0 \u00a0 \u00a0 \u00a0 \u00a0 \u00a0 \u00a0 \u00a0<img decoding=\"async\" class=\"alignnone\" src=\"https:\/\/bold-rhodes.82-29-5-5.plesk.page\/wp-content\/plugins\/pymntpl-paypal-woocommerce\/assets\/img\/paypal_logo.svg\" alt=\"PayPal\" \/><\/label><\/li>\n<\/ul>\n","protected":false},"excerpt":{"rendered":"<p>Direkte Bank\u00fcberweisung \u00dcberweise direkt an unsere Bankverbindung. Bitte nutze die Bestellnummer als Verwendungszweck. Deine Bestellung wird erst nach Geldeingang auf unserem Konto produziert und anschlie\u00dfend versandt. Apple Pay\u00a0 \u00a0 \u00a0 \u00a0 \u00a0 Karte\u00a0 \u00a0 \u00a0 \u00a0 \u00a0 \u00a0 \u00a0 \u00a0 \u00a0 paysafecard\u00a0 \u00a0 \u00a0 M\u00f6glicherweise f\u00e4llt eine + 12.00%-Geb\u00fchr an (excl. VAT) PayPal\u00a0 \u00a0 \u00a0 [&hellip;]<\/p>\n","protected":false},"author":1,"featured_media":0,"parent":0,"menu_order":0,"comment_status":"closed","ping_status":"closed","template":"","meta":{"_et_pb_use_builder":"off","_et_pb_old_content":"\n[payment_methods_info]","_et_gb_content_width":"","footnotes":"","_links_to":"","_links_to_target":""},"class_list":["post-21","page","type-page","status-publish","hentry"],"_links":{"self":[{"href":"https:\/\/bold-rhodes.82-29-5-5.plesk.page\/index.php\/wp-json\/wp\/v2\/pages\/21","targetHints":{"allow":["GET"]}}],"collection":[{"href":"https:\/\/bold-rhodes.82-29-5-5.plesk.page\/index.php\/wp-json\/wp\/v2\/pages"}],"about":[{"href":"https:\/\/bold-rhodes.82-29-5-5.plesk.page\/index.php\/wp-json\/wp\/v2\/types\/page"}],"author":[{"embeddable":true,"href":"https:\/\/bold-rhodes.82-29-5-5.plesk.page\/index.php\/wp-json\/wp\/v2\/users\/1"}],"replies":[{"embeddable":true,"href":"https:\/\/bold-rhodes.82-29-5-5.plesk.page\/index.php\/wp-json\/wp\/v2\/comments?post=21"}],"version-history":[{"count":4,"href":"https:\/\/bold-rhodes.82-29-5-5.plesk.page\/index.php\/wp-json\/wp\/v2\/pages\/21\/revisions"}],"predecessor-version":[{"id":170,"href":"https:\/\/bold-rhodes.82-29-5-5.plesk.page\/index.php\/wp-json\/wp\/v2\/pages\/21\/revisions\/170"}],"wp:attachment":[{"href":"https:\/\/bold-rhodes.82-29-5-5.plesk.page\/index.php\/wp-json\/wp\/v2\/media?parent=21"}],"curies":[{"name":"wp","href":"https:\/\/api.w.org\/{rel}","templated":true}]}}